2 - 10*b + 5. What is the units digit of d(3)?
2
Let h = 2923 + 1562. What is the units digit of h?
5
Let f = 433 + -71. What is the units digit of f?
2
Let q = -32 - -35. Suppose -205 = -q*d + 38. What is the units digit of d?
1
Let m = -27 + 15. What is the units digit of ((-1743)/m)/(-7)*(-5 + 1)?
3
Let z(y) = -22*y + 41. Let s(w) = -w + 1. Let j(u) = -3*s(u) - z(u). What is the units digit of j(6)?
6
Suppose -5056*p = -5052*p - 5020. What is the units digit of p?
5
Let o(n) = 2*n + 3. Let d be o(1). Suppose 4 = -2*v, 2*q - d*v = 6*q - 26. Let h(g) = -g**2 + 16*g - 3. What is the units digit of h(q)?
0
Suppose j - 5*p - 1182 = 0, -2*p = j + 2*j - 3546. What is the thousands digit of j?
1
Suppose 2*x - 2*g - 66 = 0, 28 = -5*x - 4*g + 184. Suppose 2*r + x = -3*h, r + 2*h + 11 + 5 = 0. Let o = r + 31. What is the tens digit of o?
1
Suppose 93 = 3*l - 4*j, 3*j + 0*j = l - 31. Suppose 0 = 4*f - 161 - l. What is the tens digit of f?
4
Suppose -5*c = -130 - 185. Suppose -f + c = 2*f. Suppose 18 + f = b. What is the units digit of b?
9
Suppose -2*s - 5 = -3*s. Suppose -3*o - 215 = -4*o - 2*u, -s*o - u = -1039. What is the units digit of o?
7
Let r(h) = -h**3 + 13*h**2 + 5*h - 27*h**2 + 11 + 18*h**2. What is the hundreds digit of r(-4)?
1
Let l(r) = -r + 1. Let q(h) = -2*h + 2. Let i(y) = 3*l(y) - q(y). What is the units digit of i(-8)?
9
Suppose -4*f = -0*f - 8. Let k = -14 - f. Let i = 20 + k. What is the units digit of i?
4
Let x(f) = 1941*f**2 - 3*f - 4. What is the units digit of x(-1)?
0
Suppose -5*s + 100 - 25 = -5*v, 5*s = 3*v + 75. Suppose -3*l = 3*w + 24, s = -3*l - 0*l. What is the units digit of (3 + w - 2) + 5?
3
Let y = 34 - 16. Let f be (-44)/(4 - y/4). Let m = -62 + f. What is the tens digit of m?
2
Let b = 495 + -64. What is the tens digit of b?
3
Let q(f) = -f**2 + 19*f - 9. Let o be q(18). Suppose -6*j - 309 = -o*j. What is the tens digit of j?
0
Let s(g) be the third derivative of -g**5/60 - 7*g**4/24 + g**2. Let f be ((-14)/35)/((-2)/(-30)). What is the units digit of s(f)?
6
What is the tens digit of (-19)/((-11316)/1884 - -6)?
8
Let t(c) = -c**2 + c - 1. Let m(r) = -r**3 - 17*r**2 - 17*r - 9. Let z(p) = -m(p) - t(p). What is the tens digit of z(-17)?
2
Let j = 33 - 43. Let a = 16 + j. What is the units digit of a?
6
Suppose -5*w + h + 4*h = -20, -8 = -w + 2*h. Suppose t + 2*m - 14 = w, 2*t = t + 4*m + 8. What is the units digit of t?
2
Let s(v) = -301*v - 41. What is the units digit of s(-11)?
0
Let t(l) = 4*l - 7. Let p be t(-6). Let q be 1*(p - 3) + 4. What is the units digit of ((-42)/q)/(1/5)?
7
Let i(g) = -39*g**3 - 14*g**2 + 11. What is the units digit of i(-5)?
6
Let q be 4/(-12) + 25/3. Let n(v) = v**3 - 8*v**2 + 2*v - 12. Let m be n(q). Suppose -2*d = -u + 5*u - 6, -m*d + 33 = u. What is the units digit of d?
9
Suppose -f = 3*f + 3*a - 1229, -1516 = -5*f + 3*a. What is the hundreds digit of f?
3
Suppose 2*z = -17*z + 5377. What is the tens digit of z?
8
Let i(r) = -3*r + 170. What is the units digit of i(0)?
0
Suppose -20827 = -64*u + 64485. What is the hundreds digit of u?
3
Let k be (-1 + 13/2)*-2. Suppose -51 + 2 = -7*t. Let u = t - k. What is the tens digit of u?
1
Let c(b) be the second derivative of b**4/12 - b**3/2 + b**2 - 2*b. What is the tens digit of c(5)?
1
Let f(l) = -l**3 + l + 6. Suppose 0 = -m - 4*y + 8, 2*m + 3*y = -0*y + 6. Let h be f(m). What is the tens digit of 33 + 2 + h/(-3)?
3
Suppose -h - 42 = 2*h. What is the hundreds digit of (-1407)/h + 1/(-2)?
1
Let o(f) = -3*f**2 - 5*f - 2. Let p be o(-3). Let y = -11 - p. Suppose 20 = y*h - 0*m + 2*m, -3*h = -2*m - 40. What is the units digit of h?
0
Let u = -8 - -13. Suppose 0*z = 3*z - d - 2, u*z - 6 = -d. Suppose r - s + z - 10 = 0, 3*s = 3. What is the tens digit of r?
1
Let i be (-3 - -3)/(-1) - -4. Suppose -10*v = -i*v. Let p(m) = m**2 + 2*m + 31. What is the units digit of p(v)?
1
Suppose 3*p + 6 + 12 = 0. Let i(x) = x**3 + 7*x**2 + x - 14. What is the tens digit of i(p)?
1
What is the hundreds digit of ((-857)/(-12) - (-39)/(-52))*6?
4
Let f(a) be the first derivative of 5*a**2/2 - a - 18. Suppose -5*l = 4*y - 3*l - 16, -4*y + 3*l = 4. What is the units digit of f(y)?
9
Let n(l) = 97*l - 339. What is the units digit of n(22)?
5
What is the thousands digit of (-28443)/(-24) - 2/16?
1
Let d be 1/(15/(-6))*30. Let s be (d/(-10))/((-30)/(-100)). Let i = 10 - s. What is the units digit of i?
6
Let v be (-2 - -15) + (-5)/5. Suppose -n - 2*n = c + 10, 2*n = 2*c - v. Suppose c*b = x - 31, -4*x - 5*b = -0*x - 124. What is the units digit of x?
1
Suppose -4*q = -0*q + 5*v - 1165, -4*v = -5*q + 1487. What is the hundreds digit of q?
2
Let p(j) = 4*j**2 + 48 - 2*j**2 - j - j**2. What is the tens digit of p(0)?
4
Let l = -13 + 22. Let q be ((36/(-5))/6)/(6/(-20)). Suppose -l*z = -q*z - 155. What is the tens digit of z?
3
Let p be 5838/28 + 2/4. Suppose 0*s - 2*h - p = -s, 406 = 2*s - h. What is the hundreds digit of s?
2
Suppose 4*a = m + 3*a - 1485, -2*m + a + 2974 = 0. What is the thousands digit of m?
1
Let r(x) = x**2 - 8*x + 12. Suppose -7 = -2*a + 9. Let m = a + 1. What is the tens digit of r(m)?
2
Let h(q) = q**3 - 2*q**2 + 3*q - 1. Let j be h(2). Let f(p) = -p**2 + 2*p + 4. Let d be f(j). Let w = 13 - d. What is the tens digit of w?
2
Let u be (-22)/(-6) - 1 - 2/3. Suppose u*v - 30 = 2*s + 2*s, 25 = 5*s. What is the units digit of v?
5
Suppose -1995 - 2100 = -9*t. What is the tens digit of t?
5
Let w = 11 - 6. Suppose -17 = -3*o - 4*v, w*o + v - 5*v - 39 = 0. Suppose -o*a + 211 = -195. What is the units digit of a?
8
Let v(b) = -b**3 - 2*b**2 + 2*b - 204. Let j be v(0). What is the units digit of ((-12)/10)/((j/1480)/17)?
8
Suppose 42*s = 20*s + 3630. What is the hundreds digit of s?
1
What is the units digit of 312/(-208)*(-7028)/6?
7
What is the units digit of (-15)/(-30) + (1 - 1046/(-4))?
3
Let q(a) = 2*a + 1. Let g be q(5). Let w be (1 - 1) + g/(-1). Let v = 14 - w. What is the tens digit of v?
2
Let b be (0 - (-5 + -137)) + (-2 - -2). Suppose 0 = 4*n + 2*p - 294, n - 3*n - 2*p = -b. What is the tens digit of n?
7
Suppose 2*w - 5 = r, -2*r - 2*w = -w + 5. What is the tens digit of r/9*0 + 32?
3
Suppose -35*f - 6 + 111 = 0. What is the units digit of f?
3
Let k(p) = p**2 - 18*p - 15. What is the tens digit of k(22)?
7
Let z = 24 + -26. What is the units digit of 81/5 + z/10?
6
What is the hundreds digit of (-66286)/(-132) + 2/(-12)?
5
Let d be -4 + 1 - 1580/5. Let t = d + 464. What is the units digit of t?
5
Let n = 63 - 66. What is the units digit of 2 - 1/(836/(-278) - n)?
1
Let h(k) = -k**2 - 10*k - 17. Let p be h(-7). What is the units digit of (6/p)/(18/420)?
5
Let a(v) be the first derivative of 15*v**2/2 + 2*v + 21. Let t be 2 - (0/(-1))/(-3). What is the tens digit of a(t)?
3
Let f(n) = -n**2. Let s be f(-1). Let k be s - 0 - (6 + 24). Let q = 6 - k. What is the units digit of q?
7
Suppose -3*v + 80 = -4*o, -3*o + 0 = v - 31. Let r be 29 - 0/((-2)/(-1)). Suppose 21 = -v*a + r*a. What is the tens digit of a?
2
Let c = -348 - -3995. What is the hundreds digit of c?
6
Let c = 4 - -1. Let h = -2 - -4. Suppose h*i = c*i - 51. What is the units digit of i?
7
Let m(s) = 5*s**2 + 11*s - 6. What is the tens digit of m(-20)?
7
Let g(h) = -h + 9. Let d(m) = -m**3 - 5*m**2 + 3. Let k be d(-5). Suppose 2*t - k*x + 30 - 2 = 0, 5*x = 0. What is the tens digit of g(t)?
2
Let c = 379 - 241. Suppose 0 = -2*u + 4*o + 180 + c, -437 = -3*u - 4*o. What is the hundreds digit of u?
1
What is the hundreds digit of (-18)/(6 - 0) + -3 + 2714?
7
Let a(h) = -h**3 + 10*h**2 + 8*h + 15. Let j be a(11). What is the units digit of 13/((-702)/(-1392)) + (-4)/j?
6
Let g(s) = 3 - 6 - 2 + 6*s + 2. Suppose 5*k = 21 + 34. What is the units digit of g(k)?
3
Let p = -4 + 12. Let w = p + -4. What is the tens digit of -1 + 2 - (-8 - w)?
1
Let x(z) be the third derivative of -z**6/120 - z**5/12 + z**4/6 - 2*z**3/3 + 4*z**2. Let i be x(-6). Suppose 75 = i*j - 3*j. What is the units digit of j?
5
Let n(m) = -6*m - 3. Let b be 0 - 3*5/5. What is the tens digit of n(b)?
1
Suppose 6*k - 9*k = -8253. What is the thousands digit of k?
2
Let w(b) = b**3 + 5*b**2 - 5*b + 8. Let t be w(-6). Suppose 17 = t*p - 19. What is the tens digit of p?
1
Let r = -758 - -1394. What is the units digi